4?
35
In base 5, what is -122 - 11234?
-11411
In base 9, what is 2 - 25?
-23
In base 9, what is -3 - 358?
-362
In base 3, what is -1202222 + -2?
-1210001
In base 16, what is 4 + -a4?
-a0
In base 15, what is 4b7 - -5?
4bc
In base 5, what is -100 - -4?
-41
In base 6, what is -52203 + 5?
-52154
In base 16, what is 5 + -307?
-302
In base 4, what is 10103 - 1022?
3021
In base 15, what is 61 + -8a?
-29
In base 3, what is -100 - -10001?
2201
In base 3, what is 102 + 12022?
12201
In base 7, what is 1 - -26511?
26512
In base 8, what is 0 + -114?
-114
In base 13, what is 3 + -8b8?
-8b5
In base 2, what is 1 - 1110010011?
-1110010010
In base 10, what is -134 + -2?
-136
In base 7, what is 201 - 13?
155
In base 6, what is 12025 - 1?
12024
In base 15, what is 3005 - -1?
3006
In base 9, what is 4 + -112?
-107
In base 2, what is 0 - 110111110?
-110111110
In base 6, what is 102 - 5?
53
In base 11, what is 17a2 + 1?
17a3
In base 7, what is -11652 - 0?
-11652
In base 12, what is -617 + -7?
-622
In base 9, what is -4 + -714?
-718
In base 6, what is 125 - -2?
131
In base 6, what is -4 + -25?
-33
In base 7, what is 5154 + -10?
5144
In base 16, what is b - 1c?
-11
In base 14, what is 707 + 5?
70c
In base 13, what is 1a - b?
c
In base 3, what is 20 + -10210?
-10120
In base 3, what is 1102 - -1?
1110
In base 4, what is 0 + 221223?
221223
In base 4, what is -203 - 11?
-220
In base 9, what is -54 - 164?
-228
In base 15, what is -1 + -17?
-18
In base 16, what is -1 - 57?
-58
In base 9, what is 52 + 7?
60
In base 16, what is -5 + -68?
-6d
In base 4, what is 102 - -3000?
3102
In base 8, what is 2 + 15?
17
In base 15, what is -34 + -c?
-41
In base 8, what is 305 + 5?
312
In base 3, what is 120102 + 112?
120221
In base 16, what is -7 - 25?
-2c
In base 4, what is -10 + 121?
111
In base 7, what is 2 + 144?
146
In base 5, what is 3 + 42240?
42243
In base 7, what is -2 + -2340?
-2342
In base 5, what is -1 + -34?
-40
In base 13, what is 5078 + 1?
5079
In base 5, what is 1 - 44130?
-44124
In base 2, what is 0 + -1000101?
-1000101
In base 9, what is 1 + 236?
237
In base 11, what is -4 - 2?
-6
In base 11, what is 15 - -25?
3a
In base 16, what is -2b + -2d?
-58
In base 10, what is -17 - 220?
-237
In base 3, what is -11101 - 120?
-11221
In base 15, what is -2 + -2e?
-31
In base 16, what is -136 + 3?
-133
In base 3, what is -211 - 1000?
-1211
In base 12, what is -31 + 36?
5
In base 7, what is 64 + -5?
56
In base 16, what is 9 + -6d?
-64
In base 9, what is -5 - -10872?
10866
In base 12, what is 4 - -81?
85
In base 14, what is 29 - 4?
25
In base 11, what is -5 - -aa?
a5
In base 4, what is 2 + 20202?
20210
In base 9, what is -306 - 3?
-310
In base 11, what is 0 + 2a0?
2a0
In base 7, what is 102 + 155?
260
In base 10, what is -3 + -111?
-114
In base 4, what is 110 - 202?
-32
In base 8, what is -1 + -176?
-177
In base 13, what is -2 - -8?
6
In base 15, what is 31a0 + -5?
319a
In base 16, what is 170 + -4?
16c
In base 11, what is 638 - 1?
637
In base 14, what is 358 - 1?
357
In base 3, what is 10021122 - 12?
10021110
In base 7, what is 11420 + 5?
11425
In base 15, what is -8a + 13?
-77
In base 15, what is 8e - -4?
93
In base 12, what is 2 + 52?
54
In base 15, what is -75e + -1?
-760
In base 6, what is 50 + 25?
115
In base 3, what is -221 + 10?
-211
In base 16, what is -365 - b?
-370
In base 5, what is -20 - -4?
-11
In base 5, what is 21 + -413?
-342
In base 11, what is 493 - 3?
490
In base 6, what is 102 + -3?
55
In base 4, what is 22213 - 10?
22203
In base 10, what is -43 + -11?
-54
In base 11, what is 15 + 12?
27
In base 5, what is 10 - 1142?
-1132
In base 9, what is -715 - -2?
-713
In base 14, what is -8a + 7?
-83
In base 8, what is 7 - -100?
107
In base 9, what is 66 + -224?
-147
In base 3, what is -12 + 22012?
22000
In base 5, what is -2 - 21?
-23
In base 16, what is 3 - -13f?
142
In base 5, what is 1032 - -42?
1124
In base 12, what is -97 + -2b?
-106
In base 16, what is -3 + 7?
4
In base 8, what is -4 + 234?
230
In base 14, what is 1 + -2364?
-2363
In base 15, what is -8 - -5?
-3
In base 13, what is 677 - 9?
66b
In base 11, what is -5 + -6698?
-66a2
In base 5, what is -2 - -204?
202
In base 16, what is 7d - 5?
78
In base 2, what is 11100 - -1101010110?
1101110010
In base 5, what is 142332 + -10?
142322
In base 14, what is -5 - -38?
33
In base 15, what is 8 + -13?
-a
In base 16, what is -5 + e6?
e1
In base 16, what is 3b - -c5?
100
In base 12, what is -2 + -39?
-3b
In base 5, what is -4 + 110143?
110134
In base 4, what is -1 + 132?
131
In base 6, what is 1520 + -2?
1514
In base 6, what is 2 - 12?
-10
In base 11, what is 1 - -50?
51
In base 9, what is 2 + 41?
43
In base 13, what is -16 + 134?
11b
In base 3, what is 2 - -111120?
111122
In base 11, what is -16555 + -3?
-16558
In base 12, what is -2 + 2a0?
29a
In base 7, what is 2 - 2631?
-2626
In base 4, what is -2301313 + 10?
-2301303
In base 16, what is 37 - -f?
46
In base 5, what is -34410 + -4?
-34414
In base 6, what is 4312 - -1?
4313
In base 15, what is 3 - 30?
-2c
In base 16, what is -3 + -17?
-1a
In base 4, what is 20 + 22?
102
In base 14, what is 1d3 - 5?
1cc
In base 14, what is -2 - 8c?
-90
In base 13, what is 3 + -5b5?
-5b2
In base 15, what is -7 - -6e?
67
In base 15, what is -3 - -1e?
1b
In base 5, what is 21 + 22224?
22300
In base 3, what is -210012 + -100?
-210112
In base 13, what is 0 + 22?
22
In base 11, what is -53 + -343?
-396
In base 5, what is 3 - 12041?
-12033
In base 8, what is 11775 - -2?
11777
In base 11, what is -397 - 0?
-397
In base 15, what is 2 + -16?
-14
In base 8, what is 13 + -213?
-200
In base 8, what is -20 + -6?
-26
In base 16, what is -372 + -1?
-373
In base 5, what is 1201 + -21?
1130
In base 16, what is -f3 - -4?
-ef
In base 2, what is 101100 - 10?
101010
In base 2, what is -101 - -10110?
10001
In base 7, what is -4 + 322?
315
In base 3, what is -21 - -1102?
1011
In base 4, what is -21 + 10?
-11
In base 8, what is -205 - -3?
-202
In base 15, what is 9b - -1?
9c
In base 11, what is 9 - -45?
53
In base 2, what is -11111110 + -101?
-100000011
In base 15, what is 168a - 4?
1686
In base 12, what is 141 + -1?
140
In base 14, what is 12 - 190?
-17c
In base 4, what is -101 - 10311?
-11012
In base 8, what is 10 + 0?
10
In base 16, what is -28 - -28?
0
In base 16, what is 0 - 8?
-8
In base 3, what is 21 + 22?
120
In base 13, what is 5b - -45?
a3
In base 6, what is 543 - 1?
542
In base 11, what is 26 - 2?
24
In base 9, what is 13 + 8?
22
In base 13, what is 0 + 9?
9
In base 13, what is -1 + -12?
-13
In base 2, what is 1010 + -101110111?
-101101101
In base 4, what is -1 + 130?
123
In base 8, what is 0 - -1064?
1064
In base 8, what is 233 + 2?
235
In base 11, what is 105 + 5?
10a
In base 13, what is -a + -309?
-316
In base 15, what is 8 + 1c?
25
In base 15, what is -95 + -30?
-c5
In base 4, what is 1 + -32033?
-32032
In base 8, what is -5 - 231?
-236
In base 11, what is 20 + 2?
22
In base 12, what is -5 - -67?
62
In base 10, what is -34 + -432?
-466
In base 11, what is -4 - 135?
-139
In base 3, what is -12 + 202?
120
In base 15, what is -18d - -2?
-18b
In base 12, what is -71 - 11?
-82
In base 11, what is -570 - 1?
-571
In base 4, what is -332 + -11?
-1003
In base 13, what is 1 + -60?
-5c
In base 9, what is 2135 + -2?
2133
In base 5, what is -1 + -3?
-4
In base 4, what is 30112 + -3?
30103
In base 5, what is -1412 - -4?
-1403
In base 12, what is 7 - 71?
-66
In base 9, what is -188 - -2?
-186
In base 5, what is -4 - 2330?
-2334
In base 2, what is 1010001110110 - -1?
1010001110111
In base 13, what is 9 + 241?
24a
In base 4, what is 12 - 101233?
-101221
In base 12, what is -4 - 8?
-10
In base 3, what is -1200 + -1211?
-10111
In base 8, what is -3 - 730?
-733
In base 13, what is -436 + -b?
-444
In base 2, what is -1101100 - 0?
-1101100
In base 11, what is 44 - 3a0?
-357
In base 4, what is -1 + -102?
-103
In base 12, what is 5a9 - 5?
5a4
In base 6, what is 155 + -5?
150
In base 10, what is -3 + 305?
302
In base 12, what is -549 - 0?
-549
In base 7, what is -1 - 122?
-123
In base 14, what is -164 - 3?
-167
In base 4, what is 1032103 + -3?
1032100
In base 13, what is 1 + 53?
54
In base 15, what is -204 - 3?
-207
In base 12, what is -208 - -4?
-204
In base 3, what is 1 - -2211?
2212
In base 13, what is -4 - 1577?
-157b